e prime factors of 778292400.
2, 3, 5, 23, 163, 173
What are the prime factors of 209221965?
3, 5, 59, 78803
What are the prime factors of 153546030?
2, 3, 5, 11, 19, 907
What are the prime factors of 63898346?
2, 179, 178487
What are the prime factors of 5607164876?
2, 17, 67, 1051, 1171
List the prime factors of 186815843.
186815843
List the prime factors of 188056813.
7, 19, 74419
List the prime factors of 195074258.
2, 31, 3146359
What are the prime factors of 13997476?
2, 3499369
List the prime factors of 1749103502.
2, 874551751
List the prime factors of 232472817.
3, 223, 115831
What are the prime factors of 32139496?
2, 4017437
What are the prime factors of 1133434814?
2, 566717407
What are the prime factors of 976783323?
3, 325594441
List the prime factors of 180496132.
2, 45124033
List the prime factors of 4956300631.
11927, 415553
What are the prime factors of 1904544621?
3, 7, 4973, 6079
What are the prime factors of 28009817?
11, 97, 26251
List the prime factors of 10016631.
3, 1112959
List the prime factors of 1579013420.
2, 5, 78950671
What are the prime factors of 138297046?
2, 37, 1868879
List the prime factors of 641869908.
2, 3, 53489159
List the prime factors of 110750941.
7, 31, 47, 10859
What are the prime factors of 62372968?
2, 7, 29, 193, 199
List the prime factors of 22626535.
5, 4525307
What are the prime factors of 3133459928?
2, 391682491
What are the prime factors of 87400991?
641, 136351
What are the prime factors of 132928672?
2, 827, 5023
What are the prime factors of 198978933?
3, 37, 1792603
What are the prime factors of 55874006?
2, 27937003
What are the prime factors of 40444824?
2, 3, 7, 240743
List the prime factors of 582310317.
3, 194103439
List the prime factors of 964628242.
2, 482314121
List the prime factors of 87702829.
87702829
What are the prime factors of 2531838977?
19, 61, 2184503
List the prime factors of 287121684.
2, 3, 47, 541, 941
What are the prime factors of 389130273?
3, 7, 6176671
List the prime factors of 242522527.
13, 17, 131, 8377
List the prime factors of 113798302.
2, 56899151
List the prime factors of 155294760.
2, 3, 5, 1294123
What are the prime factors of 288748340?
2, 5, 337, 42841
List the prime factors of 184783241.
199, 928559
List the prime factors of 43814804.
2, 11, 995791
List the prime factors of 176729345.
5, 13, 1447, 1879
List the prime factors of 273175046.
2, 19, 41, 271, 647
List the prime factors of 17678566.
2, 877, 10079
List the prime factors of 122554666.
2, 13, 17, 277273
What are the prime factors of 224879437?
224879437
List the prime factors of 943480709.
139, 6787631
What are the prime factors of 148993932?
2, 3, 2657, 4673
What are the prime factors of 93031331?
2557, 36383
What are the prime factors of 1050260215?
5, 8009, 26227
List the prime factors of 9068737153.
7, 8513, 152183
List the prime factors of 51389214.
2, 3, 43, 409, 487
List the prime factors of 300259063.
13, 23096851
What are the prime factors of 282380254?
2, 13, 59, 184081
List the prime factors of 374048228.
2, 43, 2174699
What are the prime factors of 9290509?
9290509
List the prime factors of 580291947.
3, 64476883
What are the prime factors of 28985746?
2, 47, 308359
List the prime factors of 116734907.
61, 1913687
List the prime factors of 464587379.
673, 690323
What are the prime factors of 245769681?
3, 4139, 19793
What are the prime factors of 132945876?
2, 3, 7, 527563
List the prime factors of 45167752.
2, 7, 47, 131
List the prime factors of 777681813.
3, 17, 15248663
What are the prime factors of 6623231736?
2, 3, 11, 19, 1320421
List the prime factors of 5425595064.
2, 3, 499, 151013
What are the prime factors of 130958619?
3, 11, 23, 172541
List the prime factors of 264503620.
2, 5, 113, 117037
What are the prime factors of 404849063?
404849063
What are the prime factors of 3470457?
3, 1156819
List the prime factors of 295257769.
41, 193, 37313
List the prime factors of 508810806.
2, 3, 7, 576883
List the prime factors of 917955902.
2, 17, 1588159
List the prime factors of 51955375.
5, 415643
List the prime factors of 376149959.
376149959
What are the prime factors of 286432857?
3, 367, 86719
List the prime factors of 128234633.
128234633
What are the prime factors of 1064816617?
41, 73, 359, 991
List the prime factors of 888334825.
5, 7, 5076199
List the prime factors of 243224784.
2, 3, 11, 97, 1583
What are the prime factors of 126809740?
2, 5, 397, 15971
List the prime factors of 2614206520.
2, 5, 643, 101641
What are the prime factors of 908503854?
2, 3, 199, 760891
What are the prime factors of 56559767?
11, 89, 57773
What are the prime factors of 742270751?
742270751
What are the prime factors of 47204461?
17, 2776733
List the prime factors of 5726031777.
3, 787, 269473
What are the prime factors of 6139116397?
6139116397
What are the prime factors of 259575073?
6761, 38393
List the prime factors of 635359780.
2, 5, 11, 41, 70439
What are the prime factors of 1480931625?
3, 5, 17, 232303
List the prime factors of 403478133.
3, 101, 1331611
What are the prime factors of 205573741?
17, 31, 390083
List the prime factors of 5278345.
5, 443, 2383
What are the prime factors of 129837389?
11, 11803399
List the prime factors of 170455905.
3, 5, 499, 7591
What are the prime factors of 323556139?
61, 5304199
List the prime factors of 38118567.
3, 23, 233, 2371
What are the prime factors of 843830352?
2, 3, 1953311
List the prime factors of 7462468.
2, 13, 143509
What are the prime factors of 337548994?
2, 168774497
What are the prime factors of 582737183?
7, 311, 267679
What are the prime factors of 186175110?
2, 3, 5, 11, 19, 23, 1291
List the prime factors of 68910763.
68910763
What are the prime factors of 129357636?
2, 3, 173, 62311
What are the prime factors of 105609520?
2, 5, 1320119
What are the prime factors of 1342468405?
5, 2399, 111919
List the prime factors of 113437548.
2, 3, 7, 107, 601
What are the prime factors of 23675199?
3, 1283, 6151
What are the prime factors of 998486553?
3, 1327, 250813
List the prime factors of 642133741.
17, 227, 166399
What are the prime factors of 565211065?
5, 31, 3646523
What are the prime factors of 4468079995?
5, 17, 19, 1291, 2143
List the prime factors of 12409022.
2, 6204511
List the prime factors of 175735570.
2, 5, 37, 211, 2251
What are the prime factors of 153331108?
2, 7, 37, 47, 67
List the prime factors of 30046190.
2, 5, 277, 10847
What are the prime factors of 601421720?
2, 5, 29, 518467
What are the prime factors of 53682899?
41, 1309339
List the prime factors of 49541405.
5, 89, 163, 683
List the prime factors of 1488026618.
2, 13, 1451, 39443
What are the prime factors of 1476330648?
2, 3, 13, 863, 5483
What are the prime factors of 3752101?
19, 197479
List the prime factors of 151069114.
2, 7, 19, 71, 421
List the prime factors of 63506875.
5, 101611
What are the prime factors of 840897031?
13, 4597, 14071
List the prime factors of 1357043540.
2, 5, 103, 191, 3449
What are the prime factors of 2733168588?
2, 3, 263, 881, 983
What are the prime factors of 32805150?
2, 3, 5, 7, 157, 199
What are the prime factors of 5017701?
3, 13, 128659
List the prime factors of 2705670216.
2, 3, 4175417
What are the prime factors of 3323130371?
11, 302102761
List the prime factors of 2325638410.
2, 5, 53, 4387997
List the prime factors of 1671920426.
2, 11, 75996383
List the prime factors of 88305727.
139, 635293
List the prime factors of 32815067.
929, 35323
What are the prime factors of 73323797?
73323797
What are the prime factors of 1334061052?
2, 333515263
What are the prime factors of 31438220?
2, 5, 11, 1181
List the prime factors of 1038693767.
19, 43, 1271351
What are the prime factors of 845060170?
2, 5, 84506017
List the prime factors of 3848602.
2, 19, 101279
What are the prime factors of 40612302?
2, 3, 89, 101, 251
What are the prime factors of 19881377?
79, 251663
List the prime factors of 142246442.
2, 13, 107, 51131
What are the prime factors of 91280496?
2, 3, 113, 16829
What are the prime factors of 39311017?
379, 103723
What are the prime factors of 105431664?
2, 3, 13, 41, 317
List the prime factors of 174397542.
2, 3, 11, 19, 47, 269
What are the prime factors of 1153784881?
6701, 172181
What 